-5
Let p(c) = -c**2 - 5*c. Calculate p(-6).
-6
Let w(n) = 2*n - 23. Give w(11).
-1
Let x(n) = -3*n + 27. Calculate x(6).
9
Let a(y) = -3*y**2 - y - 7. Calculate a(-3).
-31
Let a(c) = c**3 + c**2 - 5*c - 5. Calculate a(-2).
1
Let a(f) = f**3 + 4*f**2 - 31*f - 3. Determine a(4).
1
Let g(o) = -o**3 - 2*o**2 + 6*o. Calculate g(3).
-27
Let m(z) = -z**3 + 4*z**2 + 3*z + 3. Give m(5).
-7
Let q(l) = -13*l. Calculate q(-7).
91
Let q(o) = -68*o + 350. Give q(5).
10
Let s(q) = -q**3 - 3*q**2 - 31*q - 92. Calculate s(-3).
1
Let l(r) = r**3 - r**2 - 2*r + 1. Give l(-2).
-7
Let n(f) = -f**3 + 7*f**2 - 10*f + 1. What is n(7)?
-69
Let x(j) = 5*j + 52. Determine x(0).
52
Let z(v) = -v - 4. What is z(-5)?
1
Let n(k) = -4*k + 61. Determine n(9).
25
Let h(w) = -2*w + 36. Give h(25).
-14
Let j(y) = y**2 + 2*y - 8. Calculate j(-4).
0
Let v(q) = 7*q**2 + 21*q + 3. What is v(-3)?
3
Let r(q) = -q**3 - 6*q**2 + 4*q + 9. What is r(-7)?
30
Let g(j) = 4*j + 28. Determine g(-7).
0
Let q(c) = c**3 + 8*c**2 + 8*c + 32. What is q(-7)?
25
Let t(z) = -2*z**3 + 16*z**2 - z + 13. Calculate t(8).
5
Let l(g) = 2*g**2 - 13*g + 18. Determine l(3).
-3
Let a(y) = -y**3 - 4*y**2 + 7*y - 1. Give a(-6).
29
Let k(f) = f**3 - 11*f**2 - f - 4. What is k(11)?
-15
Let h(s) = -s + 17. Calculate h(9).
8
Let v(c) = -c**2 - 9*c - 26. What is v(-4)?
-6
Let m(v) = v**2 + 3*v - 8. Give m(0).
-8
Let z(g) = 33*g**2 + g + 1. Determine z(-1).
33
Let j(y) = y**2 + 25*y - 25. Give j(0).
-25
Let j(i) = -4*i - 3. Give j(-6).
21
Let i(q) = -q**3 + 9*q**2 - 7*q - 7. Calculate i(8).
1
Let v(i) = i**3 + 13*i**2 - 14*i + 2. Calculate v(-14).
2
Let f(n) = n**2 + 16*n - 4. What is f(-16)?
-4
Let l(j) = j**3 + j**2 + j + 6. Give l(0).
6
Let z(c) = c**3 - 13*c**2 + 40*c + 23. Give z(7).
9
Let x(d) = d**2 + 2*d - 13. Calculate x(-6).
11
Let z(c) = -c - 18. What is z(10)?
-28
Let m(n) = -11*n - 4. What is m(0)?
-4
Let c(d) = 7*d**2 - 3*d - 1. Calculate c(-1).
9
Let p(a) = a**3 + 6*a**2 + 4*a + 30. Determine p(-6).
6
Let j(i) = -66*i + 208. Determine j(3).
10
Let d(a) = -a**2 + 9*a + 23. Give d(12).
-13
Let d(i) = -i**3 + 26*i**2 - 18*i - 120. Determine d(25).
55
Let c(k) = -8*k + 26. What is c(16)?
-102
Let f(h) = -7*h + 9. Calculate f(4).
-19
Let k(n) = -n**2 - 5*n + 15. Determine k(-7).
1
Let g(u) = u**3 + 11*u**2 - 13*u. Give g(-12).
12
Let f(l) = -46*l - 283. Calculate f(-6).
-7
Let c(n) = 3*n + 1. Calculate c(1).
4
Let i(k) = -k + 4. Determine i(3).
1
Let i(d) = -5*d + 9. Calculate i(6).
-21
Let y(x) = x**3 + 5*x**2 + 3*x - 7. Calculate y(-4).
-3
Let c(j) = j**3 + 46*j**2 - 46*j + 42. Calculate c(-47).
-5
Let c(s) = 2*s**3 - 29*s**2 - 13*s - 20. Calculate c(15).
10
Let a(b) = -3*b**2 - 17*b + 35. Determine a(-7).
7
Let b(l) = -l**3 + l**2 + 3*l - 4. Give b(4).
-40
Let x(w) = w - 14. What is x(6)?
-8
Let z(y) = -16*y - 20. Calculate z(-5).
60
Let x(u) = -u + 7. What is x(3)?
4
Let i(a) = 2*a - 6. Calculate i(5).
4
Let u(g) = g**3 + 8*g**2 - 6*g + 14. What is u(-9)?
-13
Let w(h) = -2*h**2 - 4*h - 1. Calculate w(-3).
-7
Let z(n) = -n**3 + 6*n**2 + 9*n + 1. What is z(8)?
-55
Let t(z) = z**3 + 10*z**2 - 11*z - 11. Calculate t(-11).
-11
Let q(s) = -3*s. Determine q(3).
-9
Let i(y) = -8*y**2 + 4*y - 2. Determine i(1).
-6
Let g(r) = -r + 12. Calculate g(9).
3
Let q(s) = s**2 + 15*s - 9. Calculate q(-16).
7
Let l(t) = t**3 + 16*t**2 - 2*t - 20. What is l(-16)?
12
Let i(g) = 7*g**3 + 4*g**2 - 2. Calculate i(-1).
-5
Let j(w) = 3*w**3 - 14*w**2 - 6*w + 7. Give j(5).
2
Let a(c) = -2*c + 12. Calculate a(13).
-14
Let g(f) = 9*f + 202. Give g(-22).
4
Let l(c) = c**3 - 4*c**2 - 7*c - 9. What is l(6)?
21
Let n(a) = a + 3. Determine n(-4).
-1
Let l(y) = 2*y - 17. Give l(0).
-17
Let c(y) = 5*y - 15. Calculate c(3).
0
Let m(n) = n**2 - 7*n + 7. What is m(5)?
-3
Let f(x) = -7*x**2 - 3*x + 1. Give f(1).
-9
Let q(x) = 2*x**3 + 29*x**2 - 14*x - 22. Give q(-15).
-37
Let h(a) = -a**2 - 18*a + 14. Determine h(-14).
70
Let t(r) = r**3 - 21*r**2 - 22*r - 4. Calculate t(22).
-4
Let c(d) = 21*d + 590. Give c(-29).
-19
Let p(u) = 14*u + 2. Give p(1).
16
Let p(i) = -20*i. What is p(1)?
-20
Let k(j) = -39*j + 191. Calculate k(5).
-4
Let s(t) = t**2 - 11*t + 6. Determine s(11).
6
Let k(s) = 30*s - 7. Give k(2).
53
Let n(t) = -9*t**2 + t - 2. Give n(1).
-10
Let z(t) = -t**3 + 14*t**2 - 12*t - 17. Give z(13).
-4
Let g(d) = d**3 + 25*d**2 + 50*d + 96. What is g(-23)?
4
Let u(h) = -h**2 - 22*h + 3. Determine u(-22).
3
Let k(z) = -2*z**3 + 4*z**2 - z + 5. Give k(3).
-16
Let d(v) = v**2 - 23*v + 66. Determine d(17).
-36
Let j(s) = -s**3 - 8*s**2 - 5*s + 15. What is j(-7)?
1
Let q(i) = -8*i - 13. Calculate q(15).
-133
Let z(s) = -s**2 - s. Give z(3).
-12
Let m(g) = -g - 4. Determine m(3).
-7
Let c(z) = -z + 13. Give c(6).
7
Let b(c) = -2*c + 10. What is b(5)?
0
Let i(c) = -c**3 + 14*c**2 - 13*c - 2. Calculate i(13).
-2
Let m(d) = 5*d - 12. Determine m(8).
28
Let y(w) = w + 2. Give y(-8).
-6
Let x(s) = s**3 - 26*s**2 + 22*s + 68. Give x(25).
-7
Let j(a) = 4*a**2 - a - 8. Calculate j(-4).
60
Let o(m) = 6*m - 52. Calculate o(10).
8
Let b(n) = -3*n + 52. What is b(20)?
-8
Let p(y) = -2*y**2 - 9*y + 15. What is p(-7)?
-20
Let q(w) = -w**3 - 6*w**2 - 7*w - 20. Give q(-6).
22
Let p(c) = -11*c + 2. Determine p(-2).
24
Let b(f) = -9*f + 22. What is b(2)?
4
Let j(r) = -4*r**2 - 4*r - 5. Give j(-1).
-5
Let q(g) = g**2 - 24*g - 221. Calculate q(-7).
-4
Let w(j) = j**2 + 30*j + 34. Determine w(-29).
5
Let z(w) = 3*w. Give z(-10).
-30
Let f(j) = 5*j - 52. What is f(13)?
13
Let q(f) = -f - 2. Give q(-9).
7
Let d(l) = -4*l - 18. Give d(-6).
6
Let q(w) = -w - 6. Determine q(-1).
-5
Let h(v) = 5*v - 1. What is h(-3)?
-16
Let f(y) = 18*y - 1. Give f(-2).
-37
Let b(i) = i**2 + 9*i - 3. What is b(-9)?
-3
Let i(k) = 3*k**2 - 2*k - 4. What is i(3)?
17
Let q(z) = -z**3 - 10*z**2 - 8*z + 5. What is q(-9)?
-4
Let b(j) = -3*j - 13. Determine b(-8).
11
Let k(v) = 4*v**2 - 55*v + 32. Give k(13).
-7
Let h(u) = -19*u - 16. Determine h(-1).
3
Let o(a) = a**3 - 4*a**2 - 13*a - 12. Determine o(-2).
-10
Let p(r) = -r**2 - 17*r - 19. Calculate p(-15).
11
Let d(a) = a + 19. Determine d(13).
32
Let b(s) = s**3 - 18*s**2 - 60*s - 60. What is b(21)?
3
Let q(r) = -10*r**2 + 4*r - 2. What is q(2)?
-34
Let j(u) = -243*u - 241. Calculate j(-1).
2
Let i(s) = s**2 + 2*s - 3. What is i(2)?
5
Let h(c) = c**2 - 3*c. What is h(3)?
0
Let x(y) = -2*y**2 - 3*y + 2. What is x(2)?
-12
Let w(f) = 3*f**3 - f. What is w(-1)?
-2
Let u(d) = -d**2 - 11*d + 10. Give u(-9).
28
Let u(g) = g**3 - 12*g**2 - 3*g + 26. Determine u(12).
-10
Let s(n) = n - 4. What is s(2)?
-2
Let s(k) = k**3 + 10*k**2 + 5*k - 12. Calculate s(-9).
24
Let g(q) = -q**3 - 5*q**2 + 8*q + 3. Calculate g(-6).
-9
Let i(j) = -2*j**3 - j**2 + 2*j + 2. What is i(2)?
-14
Let l(j) = 9*j**2 + 4*j + 3. What is l(-2)?
31
Let i(r) = r**3 - r**2 - 11*r - 4. Give i(5).
41
Let b(i) = -i**2 - 5*i + 7. Give b(-7).
-7
Let o(t) = -t**3 - 3*t**2 + 12*t + 9. Determine o(-5).
-1
Let f(t) = -t**3 + 25*t**2 + 27*t - 28. Give f(26).
-2
Let s(f) = -36*f + 25. Determine s(5).
-155
Let k(q) = -q**3 + 3*q**2 + 4*q + 1. Calculate k(5).
-29
Let i(r) = 8*r - 6. Calculate i(5).
34
Let p(h) = 2*h**2 - 50*h - 1. Calculate p(24).
-49
Let d(u) = u**2 + 174*u - 1084. Determine d(6).
-4
Let s(o) = -19*o + 252. Calculate s(13).
5
Let q(t) = t**3 - 14*t**2 - 14*t - 30. Calculate q(15).
-15
Let a(s) = s**2 + 10*s + 6. What is a(-10)?
6
Let c(p) = -p**2 - 21*p - 21. What is c(-15)?
69
Let h(a) = a**3 - 23*a**2 + 43*a - 16. Give h(21).
5
Let s(k) = -k**3 - 14*k**2 - 8*k + 27. Give s(-14).
139
Let s(m) = m**3 - 9*m**2 + 17*m - 23. Determine s(7).
-2
Let s(j) = 113*j**2 - 11*j - 10. Calculate s(-1).
114
Let v(t) = t**3 + 5*t**2 - 2*t - 6. Calculate v(-5).
4
Let i(m) = m**3 + 2*m**2 - m. What is i(1)?
2
Let f(n) = n**3 - 14*n**2 - 2. Calculate f(14).
-2
Let f(o) = -o**3 - 24*o**2 - 44*o - 1. Determine f(-22).
-1
Let t(m) = m**2 - 13*m + 36. Calculate t(6).
-6
Let l(v) = v**2 + v + 25. What is l(0)?
25
Let g(l) = l**2 - 9*l - 3. Determine g(9).
-3
Let a(y) = 2*y - 17. Calculate a(-7).
-31
Let c(r) = -101*r + 707. Give c(7).
0
Let u(v) = -v**2 + 15*v - 33. Calculate u(15).
-33
Let j(o) = -o**2 - o + 57. Calculate j(0).
57
Let i(o) = -193*o - 772. Give i(-4).
0
Let y(o) = -o - 11. What is y